?
False
Is 1615033 prime?
False
Is 262202 composite?
True
Is 1415651 a prime number?
True
Is 46333 prime?
False
Is 5429321 a composite number?
False
Is 193243 a composite number?
False
Is 103549 a prime number?
True
Is 7349 composite?
False
Is 174821 a prime number?
True
Is 16645 prime?
False
Is 37399 prime?
False
Is 131981 composite?
True
Is 2099 composite?
False
Is 3455857 a prime number?
True
Is 567335 a composite number?
True
Is 2029 prime?
True
Is 77389 prime?
False
Is 4645 prime?
False
Is 1009 a prime number?
True
Is 3961 a composite number?
True
Is 967114 prime?
False
Is 30265 prime?
False
Is 555817 prime?
False
Is 78661 composite?
True
Is 2495 a prime number?
False
Is 98509 a composite number?
True
Is 2296907 a composite number?
False
Is 21531 a composite number?
True
Is 4817 a prime number?
True
Is 3754087 composite?
False
Is 278191 a composite number?
False
Is 3593 prime?
True
Is 1693 composite?
False
Is 269398 prime?
False
Is 111721 a composite number?
False
Is 15727 a prime number?
True
Is 10001 prime?
False
Is 4321 a prime number?
False
Is 602695 composite?
True
Is 125921 prime?
True
Is 1259 prime?
True
Is 292373 a composite number?
True
Is 1023337 a prime number?
False
Is 37923 composite?
True
Is 48407 composite?
False
Is 239831 a prime number?
True
Is 163199 a composite number?
False
Is 1361 a composite number?
False
Is 181767 a composite number?
True
Is 301703 a prime number?
True
Is 633151 composite?
False
Is 1757 composite?
True
Is 16271 a composite number?
True
Is 10299 composite?
True
Is 55469 composite?
False
Is 28411 prime?
True
Is 17453 prime?
False
Is 828767 composite?
True
Is 451159 prime?
True
Is 75507 prime?
False
Is 17083 prime?
False
Is 60217 prime?
True
Is 576185 composite?
True
Is 64373 composite?
False
Is 1559867 a prime number?
False
Is 785 a composite number?
True
Is 9101 a composite number?
True
Is 8915 composite?
True
Is 87331 prime?
False
Is 330547 prime?
False
Is 532339 prime?
False
Is 462394 a composite number?
True
Is 17698 a composite number?
True
Is 243301 composite?
False
Is 664907 a prime number?
False
Is 1504159 a prime number?
False
Is 553603 prime?
False
Is 35179 a composite number?
True
Is 7327 composite?
True
Is 106801 a composite number?
False
Is 11957 prime?
False
Is 227299 prime?
True
Is 435373 a composite number?
True
Is 554029 composite?
True
Is 205319 prime?
True
Is 27581 a prime number?
True
Is 19529 prime?
False
Is 91855 prime?
False
Is 28387 a composite number?
False
Is 699 composite?
True
Is 53503 prime?
True
Is 12071 prime?
True
Is 5671 a composite number?
True
Is 66841 prime?
True
Is 176723 prime?
False
Is 6007 a prime number?
True
Is 942899 composite?
False
Is 201961 prime?
True
Is 361163 composite?
True
Is 565 a composite number?
True
Is 12949 composite?
True
Is 3091 a prime number?
False
Is 1507393 a prime number?
False
Is 150721 a prime number?
True
Is 10979 prime?
True
Is 9973 prime?
True
Is 521 composite?
False
Is 29221 composite?
False
Is 1067 a composite number?
True
Is 5347 composite?
False
Is 7817 a prime number?
True
Is 10427 prime?
True
Is 42631 prime?
False
Is 21055 prime?
False
Is 55073 composite?
False
Is 138821 a composite number?
False
Is 7639 composite?
False
Is 13798 composite?
True
Is 168313 a prime number?
False
Is 25111 a composite number?
False
Is 4111 a composite number?
False
Is 90583 composite?
False
Is 2389 prime?
True
Is 20477 prime?
True
Is 404249 a prime number?
True
Is 185429 a composite number?
False
Is 75817 composite?
True
Is 390553 a prime number?
True
Is 466019 composite?
False
Is 6191 prime?
False
Is 34807 prime?
True
Is 139115 composite?
True
Is 535273 a composite number?
False
Is 651113 a composite number?
True
Is 77339 a composite number?
False
Is 44221 composite?
False
Is 826231 a composite number?
True
Is 583391 a prime number?
True
Is 38767 prime?
True
Is 4271 prime?
True
Is 641891 composite?
False
Is 3433 composite?
False
Is 1973 composite?
False
Is 24839 a composite number?
True
Is 61546 composite?
True
Is 24159 a prime number?
False
Is 331 a prime number?
True
Is 8083 a prime number?
False
Is 108561 prime?
False
Is 9619 prime?
True
Is 213247 prime?
True
Is 265313 a prime number?
True
Is 279479 prime?
True
Is 14078 a prime number?
False
Is 437461 a prime number?
False
Is 113327 a prime number?
True
Is 7283 a composite number?
False
Is 9242 prime?
False
Is 108835 composite?
True
Is 51211 composite?
True
Is 29905 a prime number?
False
Is 12941 a prime number?
True
Is 195717 composite?
True
Is 231107 a composite number?
False
Is 614569 a prime number?
True
Is 7297 prime?
True
Is 2183 a composite number?
True
Is 38 a prime number?
False
Is 10637 prime?
False
Is 16741 a composite number?
False
Is 180883 a prime number?
True
Is 52807 a composite number?
False
Is 1542179 a prime number?
True
Is 22229 a prime number?
True
Is 216089 composite?
True
Is 254494 a prime number?
False
Is 579 a composite number?
True
Is 1511 a prime number?
True
Is 17417 prime?
True
Is 7187 a prime number?
True
Is 194203 a composite number?
False
Is 54797 composite?
True
Is 9851 a composite number?
False
Is 299033 a composite number?
True
Is 265865 a prime number?
False
Is 284061 a prime number?
False
Is 13781 prime?
True
Is 1847411 a prime number?
False
Is 659 prime?
True
Is 2491661 prime?
True
Is 4897 a prime number?
False
Is 522113 a prime number?
True
Is 1726 a prime number?
False
Is 292777 composite?
False
Is 271207 prime?
False
Is 9413 prime?
True
Is 4439 a prime number?
False
Is 3781 composite?
True
Is 281363 a composite number?
False
Is 2179 composite?
False
Is 4661 a prime number?
False
Is 41455 a composite number?
True
Is 541217 prime?
True
Is 2283 a prime number?
False
Is 1657253 prime?
False
Is 3749 composite?
True
Is 24611 a prime number?
True
Is 179969 a prime number?
True
Is 99929 a prime number?
True
Is 5368307 a composite number?
True
Is 147491 a composite number?
True
Is 515507 a composite number?
False
Is 5147 prime?
True
Is 2411 prime?
True
Is 20863 a composite number?
True
Is 14813 prime?
True
Is 10481 prime?
False
Is 3989 prime?
True
Is 105218 a composite number?
True
Is 11383 composite?
False
Is 89 a prime number?
True
Is 1361 prime?
True
Is 1361 a composite number?
False
Is 2130133 composite?
False
Is 82699 a prime number?
True
Is 184993 composite?
False
Is 3898 a prime number?
False
Is 2129 a prime number?
True
Is 90371 a prime number?
True
Is 21467 prime?
True
Is 107441 a prime number?
True
Is 12655 a prime number?
False
Is 127349 prime?
False
Is 38771 composite?
True
Is 313687 a composite number?
True
Is 8159 composite?
True
Is 381 a composite number?
True
Is 1333261 a prime number?
True
Is 213553 a composite number?
False
Is 440117 prime?
False
Is 126359 a prime number?
True
Is 3248331 a prime number?
False
Is 998 prime?
False
Is 61459 a composite number?
True
Is 1526039 a prime number?
False
Is 29383 composite?
False
Is 506983 prime?
True
Is 441713 prime?
True
Is 49349 prime?
False
Is 2479 a composite number?
True
Is 50527 a composite number?
False
Is 168061 a composite number?
True
Is 301 prime?
False
Is 100289 prime?
False
Is 628271 prime?
False
Is 1721 prime?
True
Is 30551 a prime number?
False
Is 12949 a prime number?
False
Is 357967 composite?
False
Is 858085 a prime number?
False
Is 2477 prime?
True
Is 3821 prime?
True
Is 5389 prime?
False
Is 31379 a composite number?
False
Is 10037 a composite number?
False
Is 57747 a prime number?
False
Is 718897 composite?
False
Is 64907 a composite number?
True
Is 10687 a prime number?
True
Is 14983 prime?
True
Is 5051 composite?
False
Is 222247 composite?
False
Is 2779 a prime number?
False
Is 60251 composite?
False
Is 3453 prime?
False
Is 2053 composite?
False
Is 3472883 a composite number?
False
Is 1084669 composite?
False
Is 87071 composite?
False
Is 55559 composite?
True
Is 260387 composite?
False
Is 142949 a composite number?
False
Is 191339 a prime number?
True
Is 781 prime?
False
Is 17247 prime?
False
Is 1871 prime?
True
Is 18399 composite?
True
Is 2298059 prime?
True
Is 60757 composite?
False
Is 2509 prime?
False
Is 73433 prime?
True
Is 4339 prime?
True
Is 347411 prime?
True
Is 55553 a composite number?
True
Is 720677 a composite number?
False
Is 252482 a composite number?
True
Is 2837